-19
What is -31414 (base 5) in base 2?
-100000111101
3018 (base 12) to base 13
24a4
4090 (base 15) to base 5
414020
What is -499a (base 13) in base 3?
-112022112
1340 (base 11) to base 7
5032
What is 10ee (base 16) in base 5?
114314
-22100222 (base 3) to base 8
-13725
Convert 1324 (base 11) to base 5.
23340
What is -464 (base 7) in base 14?
-134
Convert -10100000011110 (base 2) to base 14.
-3a58
What is 11275 (base 10) in base 13?
5194
What is -bc0 (base 13) in base 7?
-5606
What is -3350 (base 6) in base 13?
-486
-354 (base 8) to base 13
-152
What is -1111301 (base 4) in base 12?
-3215
-732 (base 9) to base 16
-254
What is -206155 (base 7) in base 14?
-d065
1401 (base 10) to base 2
10101111001
Convert -176 (base 16) to base 7.
-1043
-120022120 (base 3) to base 15
-3496
Convert 11000010010 (base 2) to base 7.
4350
12403 (base 11) to base 4
10111332
361 (base 7) to base 12
13a
43010 (base 6) to base 14
21b0
What is 6418 (base 16) in base 9?
38131
Convert 193 (base 15) to base 3.
111110
Convert -139b (base 12) to base 6.
-14315
Convert -65 (base 9) to base 13.
-47
What is 1458 (base 11) in base 8?
3526
Convert -420 (base 13) to base 16.
-2be
40067 (base 9) to base 10
26305
Convert 152b8 (base 13) to base 15.
bce0
8c7 (base 15) to base 12
1197
Convert 24f (base 16) to base 7.
1503
Convert -2306 (base 7) to base 8.
-1507
31047 (base 8) to base 15
3c0e
What is 3240 (base 7) in base 16?
483
-120231 (base 4) to base 16
-62d
What is -126 (base 11) in base 15?
-9e
Convert -171a (base 11) to base 3.
-10000110
-1120001 (base 5) to base 4
-10320201
14434 (base 8) to base 9
8732
Convert 11001313 (base 4) to base 13.
94b7
What is 17d (base 15) in base 10?
343
-534 (base 13) to base 5
-12023
Convert -134155 (base 7) to base 15.
-7831
1100000 (base 3) to base 5
12342
What is 135 (base 8) in base 13?
72
Convert 3501 (base 12) to base 4.
1130101
34337 (base 11) to base 3
2112002220
What is 13022032 (base 4) in base 12?
14b7a
What is -20223 (base 6) in base 5?
-41204
2123 (base 6) to base 8
743
What is 40333 (base 6) in base 14?
1d17
What is 1c5b5 (base 13) in base 5?
3242133
Convert -1d5 (base 14) to base 16.
-17f
Convert -44 (base 14) to base 13.
-48
What is 1001021 (base 3) in base 9?
1037
Convert -31242 (base 5) to base 9.
-2752
What is 101000101 (base 2) in base 8?
505
1634 (base 7) to base 15
2e2
Convert -10213 (base 6) to base 2.
-10101100001
Convert 1487 (base 10) to base 13.
8a5
What is 123 (base 7) in base 3?
2110
Convert 42022 (base 5) to base 12.
1722
Convert -16274 (base 9) to base 14.
-40d6
20a (base 14) to base 10
402
What is 2214 (base 7) in base 11?
663
Convert -116 (base 9) to base 4.
-1200
146447 (base 8) to base 9
80034
3653 (base 12) to base 16
17df
What is 42443 (base 6) in base 12?
3423
Convert -1000001010 (base 2) to base 3.
-201100
Convert -1010111001 (base 2) to base 7.
-2014
1740 (base 10) to base 16
6cc
What is 24660 (base 7) in base 9?
8833
Convert -24a (base 14) to base 10.
-458
What is -110001011101 (base 2) in base 3?
-11100020
-2d6 (base 14) to base 7
-1456
What is 401d (base 14) in base 5?
323003
What is -21257 (base 9) in base 7?
-56002
1954 (base 12) to base 7
12001
34045 (base 8) to base 10
14373
What is 13312 (base 4) in base 14?
27c
Convert -20646 (base 7) to base 13.
-2448
What is 1101101 (base 2) in base 8?
155
222103 (base 4) to base 6
20311
-382 (base 14) to base 13
-420
Convert -48 (base 16) to base 14.
-52
18b (base 16) to base 9
478
-45715 (base 9) to base 16
-7706
Convert 101010101 (base 2) to base 15.
17b
Convert -10212221 (base 3) to base 2.
-101100010001
Convert 2467 (base 12) to base 16.
100f
2101001220 (base 3) to base 8
133163
Convert -2bb (base 13) to base 12.
-350
263a (base 11) to base 15
103b
What is 66b (base 14) in base 11?
a56
What is -1110010 (base 3) in base 12?
-740
Convert -12b6 (base 15) to base 3.
-12111000
What is -a4 (base 16) in base 13?
-c8
-21a (base 14) to base 2
-110100000
Convert 1867 (base 9) to base 5.
21223
What is -111212 (base 3) in base 8?
-566
23320232 (base 4) to base 2
1011111000101110
What is -22013 (base 4) in base 14?
-343
What is -1100010 (base 4) in base 16?
-1404
What is -12357 (base 9) in base 6?
-102254
Convert 4250 (base 6) to base 12.
686
What is -251 (base 6) in base 9?
-124
Convert 433 (base 10) to base 3.
121001
13230 (base 4) to base 3
200020
1222 (base 7) to base 9
557
What is -3230203 (base 5) in base 11?
-383a9
-122200 (base 3) to base 16
-1dd
3015 (base 8) to base 11
1189
What is 536 (base 10) in base 16?
218
-21364 (base 8) to base 10
-8948
What is 1233132 (base 4) in base 6?
53010
What is -dc (base 15) in base 14?
-10b
Convert -5dc (base 14) to base 3.
-1121111
1011100011 (base 2) to base 15
344
Convert -1c4 (base 15) to base 2.
-110011001
Convert 5b0 (base 13) to base 4.
33130
Convert -3062 (base 7) to base 6.
-4545
What is 122640 (base 7) in base 14?
8357
Convert -10100011 (base 2) to base 11.
-139
What is 2cc (base 13) in base 9?
622
What is -21010002 (base 3) in base 11?
-3995
Convert -10001111101001 (base 2) to base 8.
-21751
-102105 (base 6) to base 10
-8249
Convert 11122 (base 4) to base 8.
532
Convert -283 (base 13) to base 7.
-1204
Convert -4433 (base 7) to base 15.
-712
What is -45901 (base 10) in base 4?
-23031031
What is 4000 (base 10) in base 2?
111110100000
Convert 111011 (base 2) to base 13.
47
-7f4 (base 16) to base 3
-2210102
Convert 1b3 (base 15) to base 8.
611
What is 30b (base 14) in base 12?
41b
Convert -1206 (base 7) to base 8.
-677
What is 15022 (base 7) in base 15?
1357
-2100113 (base 4) to base 9
-13605
670 (base 14) to base 11
a59
What is 245 (base 16) in base 15?
28b
What is -299 (base 15) in base 16?
-252
Convert -23124 (base 10) to base 12.
-11470
-301412 (base 5) to base 15
-2ca7
2b32 (base 14) to base 4
1320020
2320211 (base 4) to base 14
443b
a74e (base 16) to base 12
20952
Convert -9a (base 14) to base 11.
-114
Convert -303 (base 12) to base 6.
-2003
What is -1c42 (base 16) in base 13?
-33a6
What is -18857 (base 9) in base 5?
-404333
Convert -1101110101001001 (base 2) to base 14.
-16905
Convert 180 (base 11) to base 6.
545
Convert 1000000101 (base 2) to base 6.
2221
Convert 30611 (base 10) to base 14.
b227
What is 211230 (base 4) in base 8?
4554
What is -476 (base 10) in base 9?
-578
What is 87 (base 14) in base 16?
77
Convert -31a (base 11) to base 16.
-180
Convert 207c8 (base 13) to base 4.
32101211
What is -123 (base 4) in base 3?
-1000
Convert -3221031 (base 4) to base 3.
-202110210
What is -188c (base 16) in base 5?
-200114
What is -4478 (base 9) in base 6?
-23155
What is -ee73 (base 16) in base 2?
-1110111001110011
Convert 45a (base 15) to base 2.
1111011001
What is -1000110110000101 (base 2) in base 15?
-ab04
Convert 2112 (base 5) to base 7.
552
Convert 1000011011111 (base 2) to base 12.
25bb
3003102 (base 4) to base 2
11000011010010
Convert 12013 (base 5) to base 15.
3dd
Convert 7943 (base 10) to base 8.
17407
-3784 (base 10) to base 16
-ec8
Convert -1b (base 12) to base 6.
-35
13d8 (base 14) to base 10
3522
Convert 22111 (base 3) to base 9.
274
-344b (base 14) to base 10
-9083
Convert 21220311 (base 4) to base 3.
2000011010
What is 21976 (base 11) in base 12?
16489
-243243 (base 5) to base 9
-13550
What is -1503a (base 12) in base 15?
-8ab7
1751 (base 8) to base 13
5c0
Convert 10055 (base 8) to base 14.
171b
5469 (base 10) to base 6
41153
What is 10403 (base 5) in base 3?
222222
5863 (base 13) to base 10
12418
-1332242 (base 5) to base 9
-41268
What is -1000112 (base 3) in base 6?
-3235
11011100000001 (base 2) to base 15
428b
Convert -422 (base 14) to base 5.
-11224
16a7 (base 13) to base 10
3348
-2421 (base 5) to base 3
-111101
Convert 45d (base 14) to base 15.
3cc
2430 (base 6) to base 2
1001010010
Convert -2a21 (base 13) to base 12.
-3653
Convert -56220 (base 10) to base 4.
-31232130
What is -11001101001 (base 2) in base 12?
-b49
101100011 (base 2) to base 10
355
1110112 (base 4) to base 13
25c3
What is -1000001010001000 (base 2) in base 15?
-9d7b
What is 371 (base 13) in base 16?
257
684 (base 14) to base 13
785
Convert -212220 (base 4) to base 15.
-aec
Convert -36bb (base 12) to base 11.
-4719
33e (base 16) to base 2
1100111110
-12140 (base 6) to base 12
-1050
-24 (base 15) to base 14
-26
Convert -4647 (base 8